{"version":"1.0","provider_name":"Olvidos de Granada","provider_url":"https:\/\/olvidosdegranada.es","author_name":"Alfonso Salazar","author_url":"https:\/\/olvidosdegranada.es\/index.php\/author\/alfonso-salazar\/","title":"Olvidos de Granada n\u00ba 13 - Olvidos de Granada","type":"rich","width":600,"height":338,"html":"<blockquote class=\"wp-embedded-content\" data-secret=\"CA63Q9a6Bu\"><a href=\"https:\/\/olvidosdegranada.es\/index.php\/2019\/10\/25\/olvidos-de-granada-no-13\/\">Olvidos de Granada n\u00ba 13<\/a><\/blockquote><iframe sandbox=\"allow-scripts\" security=\"restricted\" src=\"https:\/\/olvidosdegranada.es\/index.php\/2019\/10\/25\/olvidos-de-granada-no-13\/embed\/#?secret=CA63Q9a6Bu\" width=\"600\" height=\"338\" title=\"\u00abOlvidos de Granada n\u00ba 13\u00bb \u2014 Olvidos de Granada\" data-secret=\"CA63Q9a6Bu\" frameborder=\"0\" marginwidth=\"0\" marginheight=\"0\" scrolling=\"no\" class=\"wp-embedded-content\"><\/iframe><script>\n\/*! This file is auto-generated *\/\n!function(d,l){\"use strict\";l.querySelector&&d.addEventListener&&\"undefined\"!=typeof URL&&(d.wp=d.wp||{},d.wp.receiveEmbedMessage||(d.wp.receiveEmbedMessage=function(e){var t=e.data;if((t||t.secret||t.message||t.value)&&!\/[^a-zA-Z0-9]\/.test(t.secret)){for(var s,r,n,a=l.querySelectorAll('iframe[data-secret=\"'+t.secret+'\"]'),o=l.querySelectorAll('blockquote[data-secret=\"'+t.secret+'\"]'),c=new RegExp(\"^https?:$\",\"i\"),i=0;i<o.length;i++)o[i].style.display=\"none\";for(i=0;i<a.length;i++)s=a[i],e.source===s.contentWindow&&(s.removeAttribute(\"style\"),\"height\"===t.message?(1e3<(r=parseInt(t.value,10))?r=1e3:~~r<200&&(r=200),s.height=r):\"link\"===t.message&&(r=new URL(s.getAttribute(\"src\")),n=new URL(t.value),c.test(n.protocol))&&n.host===r.host&&l.activeElement===s&&(d.top.location.href=t.value))}},d.addEventListener(\"message\",d.wp.receiveEmbedMessage,!1),l.addEventListener(\"DOMContentLoaded\",function(){for(var e,t,s=l.querySelectorAll(\"iframe.wp-embedded-content\"),r=0;r<s.length;r++)(t=(e=s[r]).getAttribute(\"data-secret\"))||(t=Math.random().toString(36).substring(2,12),e.src+=\"#?secret=\"+t,e.setAttribute(\"data-secret\",t)),e.contentWindow.postMessage({message:\"ready\",secret:t},\"*\")},!1)))}(window,document);\n\/\/# sourceURL=https:\/\/olvidosdegranada.es\/wp-includes\/js\/wp-embed.min.js\n<\/script>\n","description":"Jes\u00fas Ortega \u00b7 \u00c1lex Chico \u00b7 Ernesto P\u00e9rez Z\u00fa\u00f1iga \u00b7 Trinidad Gan \u00b7 Jos\u00e9 Mar\u00eda P\u00e9rez Z\u00fa\u00f1iga \u00b7 Javier Ben\u00edtez \u00b7 Javier Lorenzo \u00b7 Ram\u00f3n Repiso \u00b7 Marga Blanco \u00b7 Alfonso Salazar \u00b7 Juan Carlos Friebe \u00b7Ignacio L\u00f3pez de Aberasturi \u00b7 Luis Melgarejo \u00b7 Juan Carlos Abril \u00b7Carmen Mart\u00edn Granados \u00b7Milena Rodr\u00edguez \u00b7 Gracia Morales \u00b7 Nieves Chill\u00f3n \u00b7 Antonio Praena En diciembre de 1985 se celebr\u00f3 en Granada, bajo el auspicio de la Diputaci\u00f3n Provincial y coorganizado por la revista Olvidos de Granada, el encuentro","thumbnail_url":"https:\/\/olvidosdegranada.es\/wp-content\/uploads\/OLVIDOS-NUMERO-13-1-1-724x1024.jpg"}

Olvidos de Granada nº 13 - Olvidos de Granada

<blockquote class="wp-embedded-content" data-secret="CA63Q9a6Bu"><a href="https://olvidosdegranada.es/index.php/2019/10/25/olvidos-de-granada-no-13/">Olvidos de Granada nº 13</a></blockquote><iframe sandbox="allow-scripts" security="restricted" src="https://olvidosdegranada.es/index.php/2019/10/25/olvidos-de-granada-no-13/embed/#?secret=CA63Q9a6Bu" width="600" height="338" title="«Olvidos de Granada nº 13» — Olvidos de Granada" data-secret="CA63Q9a6Bu" frameborder="0" marginwidth="0" marginheight="0" scrolling="no" class="wp-embedded-content"></iframe><script>
/*! This file is auto-generated */
!function(d,l){"use strict";l.querySelector&&d.addEventListener&&"undefined"!=typeof URL&&(d.wp=d.wp||{},d.wp.receiveEmbedMessage||(d.wp.receiveEmbedMessage=function(e){var t=e.data;if((t||t.secret||t.message||t.value)&&!/[^a-zA-Z0-9]/.test(t.secret)){for(var s,r,n,a=l.querySelectorAll('iframe[data-secret="'+t.secret+'"]'),o=l.querySelectorAll('blockquote[data-secret="'+t.secret+'"]'),c=new RegExp("^https?:$","i"),i=0;i<o.length;i++)o[i].style.display="none";for(i=0;i<a.length;i++)s=a[i],e.source===s.contentWindow&&(s.removeAttribute("style"),"height"===t.message?(1e3<(r=parseInt(t.value,10))?r=1e3:~~r<200&&(r=200),s.height=r):"link"===t.message&&(r=new URL(s.getAttribute("src")),n=new URL(t.value),c.test(n.protocol))&&n.host===r.host&&l.activeElement===s&&(d.top.location.href=t.value))}},d.addEventListener("message",d.wp.receiveEmbedMessage,!1),l.addEventListener("DOMContentLoaded",function(){for(var e,t,s=l.querySelectorAll("iframe.wp-embedded-content"),r=0;r<s.length;r++)(t=(e=s[r]).getAttribute("data-secret"))||(t=Math.random().toString(36).substring(2,12),e.src+="#?secret="+t,e.setAttribute("data-secret",t)),e.contentWindow.postMessage({message:"ready",secret:t},"*")},!1)))}(window,document);
//# sourceURL=https://olvidosdegranada.es/wp-includes/js/wp-embed.min.js
</script>

Jesús Ortega · Álex Chico · Ernesto Pérez Zúñiga · Trinidad Gan · José María Pérez Zúñiga · Javier Benítez · Javier Lorenzo · Ramón Repiso · Marga Blanco · Alfonso Salazar · Juan Carlos Friebe ·Ignacio López de Aberasturi · Luis Melgarejo · Juan Carlos Abril ·Carmen Martín Granados ·Milena Rodríguez · Gracia Morales · Nieves Chillón · Antonio Praena En diciembre de 1985 se celebró en Granada, bajo el auspicio de la Diputación Provincial y coorganizado por la revista Olvidos de Granada, el encuentro
